{"id":62,"date":"2016-12-26T12:17:25","date_gmt":"2016-12-26T11:17:25","guid":{"rendered":"http:\/\/prix-rotary-de-la-citoyennete.org\/?page_id=62"},"modified":"2026-02-13T17:24:43","modified_gmt":"2026-02-13T16:24:43","slug":"description-et-reglement","status":"publish","type":"page","link":"https:\/\/prix-rotary-de-la-citoyennete.org\/index.php\/description-et-reglement\/","title":{"rendered":"R\u00e8glement"},"content":{"rendered":"<p>&nbsp;<\/p>\n<div class=\"style31\" style=\"text-align: left;\" align=\"center\"><img loading=\"lazy\" decoding=\"async\" class=\" wp-image-9 alignleft\" src=\"http:\/\/prix-rotary-de-la-citoyennete.org\/wp-content\/uploads\/2016\/12\/cropped-Prix_Rotary_de_la_Citoyennet-1-300x115.png\" alt=\"\" width=\"204\" height=\"83\" \/><\/div>\n<p style=\"text-align: center;\"><strong>LES ROTARY CLUBS de BRUXELLES, Bruxelles ALTITUDE,\u00a0 ATOMIUM,\u00a0 BRUOCSELLA, CANTERSTEEN, ERASME,\u00a0 EST,\u00a0 EUROPE,\u00a0 FOR\u00caT DE SOIGNES, NORD,\u00a0 OUEST, RENAISSANCE,\u00a0 SUD,\u00a0 TERCOIGNE, VAL DUCHESSE,\u00a0 VESALE, RHODE St GENESE, WEZEMBEEK KRAAINEM\u00a0 et le PROBUS CHANT D\u2019OISEAU<\/strong><\/p>\n<p style=\"text-align: center;\"><span style=\"font-weight: 300;\">annoncent le Prix, intitul\u00e9 \u00a0\u00bb <\/span><strong>Prix Rotary de la Citoyennet\u00e9<\/strong><span style=\"font-weight: 300;\"> \u00a0\u00bb pour l\u2019ann\u00e9e 2026.<\/span><\/p>\n<p>Ce Prix, d&rsquo;une valeur de <u><strong>30.000\u20ac<\/strong><\/u>, est destin\u00e9 \u00e0 mettre en \u00e9vidence la contribution <u><strong>d&rsquo;une ou plusieurs personnes morales ou physiques<\/strong><\/u> \u00e0 l&rsquo;esprit de la Citoyennet\u00e9 responsable ou du civisme de la jeunesse sur le territoire de la r\u00e9gion ainsi couverte par les actions des Rotary Clubs concern\u00e9s (19 communes de Bruxelles et 6 communes \u00e0 facilit\u00e9s). Le Jury sera compos\u00e9 de membres d\u00e9sign\u00e9s de la fa\u00e7on suivante : un membre pour chacun\u00a0des Clubs Rotary associ\u00e9s, un membre pour le Probus et Fran\u00e7oise Fontaine, veuve de J F Fontaine. Le Pr\u00e9sident du Jury est choisi par les membres.Le Rotary Club de Bxl\u2011For\u00eat de Soignes assurera le Secr\u00e9tariat et l\u2019administration du Prix.<\/p>\n<p>1; Les candidatures \u00e0 l&rsquo;attribution du Prix doivent \u00eatre envoy\u00e9es <strong>exclusivement<\/strong> par courrier \u00e9lectronique \u00e0 l&rsquo;adresse mentionn\u00e9e du Prix,<\/p>\n<p><a href=\"mailto:secretariat@prix-rotary-de-la-citoyennete.org\"><strong><u>secretariat@prix\u2011rotary\u2011de\u2011la\u2011citoyennete.org<\/u><\/strong><\/a><\/p>\n<p><strong>au plus tard le 26 Avril 2026.<\/strong><\/p>\n<p>Les candidatures doivent pr\u00e9ciser :<\/p>\n<ol>\n<li>a) l&rsquo;identit\u00e9 compl\u00e8te du proposant , qui peut \u00eatre le candidat lui\u2011m\u00eame b) l&rsquo;identit\u00e9 compl\u00e8te du candidat c) la description succincte et pr\u00e9cise du fait, de l&rsquo;action, du comportement ou des Projets, et en g\u00e9n\u00e9ral de tous \u00e9l\u00e9ments qui, dans l&rsquo;esprit du proposant, justifient l&rsquo;attribution du prix au candidat. d) une copie des derniers Comptes financiers disponibles.<\/li>\n<li>Seules pourront \u00eatre prises en consid\u00e9ration les candidatures relatives \u00e0 des personnes morales ou physiques agissant dans la R\u00e9gion bruxelloise et sa p\u00e9riph\u00e9rie (6 communes \u00e0 facilit\u00e9s).<\/li>\n<li>Le pr\u00e9sident du Jury organisera l&rsquo;examen par le Jury des candidatures re\u00e7ues dans les d\u00e9lais et les conditions de forme et de fond pr\u00e9vues \u00e0 l&rsquo;article pr\u00e9c\u00e9dent, ce qu&rsquo;il appr\u00e9ciera souverainement.<\/li>\n<li>Le Jury aura la facult\u00e9, le cas \u00e9ch\u00e9ant, de subordonner totalement ou partiellement la remise du Prix, dans le cas d&rsquo;un Projet, \u00e0 sa r\u00e9alisation totale ou partielle, selon les modalit\u00e9s qu&rsquo;il arr\u00eatera.<\/li>\n<li>Les personnes morales ou physiques laur\u00e9ates des Prix pr\u00e9c\u00e9dents ne peuvent plus \u00eatre candidates.<\/li>\n<li>En acceptant le prix, les laur\u00e9ats s&rsquo;engagent \u00e0 mentionner, sur leur site, dans leur Bilan et dans leurs communications au public, qu&rsquo;ils sont \u00ab\u00a0Laur\u00e9at du Prix Rotary de la Citoyennet\u00e9 2026\u00a0\u00bb.<\/li>\n<li>Toute difficult\u00e9 quelconque d&rsquo;interpr\u00e9tation, d&rsquo;application ou d&rsquo;ex\u00e9cution du pr\u00e9sent r\u00e8glement et de ses suites, sera r\u00e9solue souverainement et en dernier ressort par les Comit\u00e9s Directeurs des Rotary Clubs et Probus concern\u00e9s.<\/li>\n<\/ol>\n<p>2.La participation sous quelque forme que ce soit aux op\u00e9rations pr\u00e9vues par le pr\u00e9sent r\u00e8glement est gratuite et implique l&rsquo;acceptation sans r\u00e9serve de toutes ses dispositions.<\/p>\n<p><img loading=\"lazy\" decoding=\"async\" class=\"size-medium wp-image-9 alignright\" src=\"http:\/\/prix-rotary-de-la-citoyennete.org\/wp-content\/uploads\/2016\/12\/cropped-Prix_Rotary_de_la_Citoyennet-1-300x115.png\" alt=\"\" width=\"300\" height=\"115\" \/><\/p>\n","protected":false},"excerpt":{"rendered":"<p>&nbsp; LES ROTARY CLUBS de BRUXELLES, Bruxelles ALTITUDE,\u00a0 ATOMIUM,\u00a0 BRUOCSELLA, CANTERSTEEN, ERASME,\u00a0 EST,\u00a0 EUROPE,\u00a0 FOR\u00caT DE SOIGNES, NORD,\u00a0 OUEST, RENAISSANCE,\u00a0 SUD,\u00a0 TERCOIGNE, VAL DUCHESSE,\u00a0 VESALE, RHODE St GENESE, WEZEMBEEK KRAAINEM\u00a0 <a class=\"more-link\" href=\"https:\/\/prix-rotary-de-la-citoyennete.org\/index.php\/description-et-reglement\/\">Continue Reading \u2192<\/a><\/p>\n","protected":false},"author":1,"featured_media":0,"parent":0,"menu_order":0,"comment_status":"closed","ping_status":"closed","template":"","meta":{"footnotes":""},"class_list":["post-62","page","type-page","status-publish","hentry"],"_links":{"self":[{"href":"https:\/\/prix-rotary-de-la-citoyennete.org\/index.php\/wp-json\/wp\/v2\/pages\/62","targetHints":{"allow":["GET"]}}],"collection":[{"href":"https:\/\/prix-rotary-de-la-citoyennete.org\/index.php\/wp-json\/wp\/v2\/pages"}],"about":[{"href":"https:\/\/prix-rotary-de-la-citoyennete.org\/index.php\/wp-json\/wp\/v2\/types\/page"}],"author":[{"embeddable":true,"href":"https:\/\/prix-rotary-de-la-citoyennete.org\/index.php\/wp-json\/wp\/v2\/users\/1"}],"replies":[{"embeddable":true,"href":"https:\/\/prix-rotary-de-la-citoyennete.org\/index.php\/wp-json\/wp\/v2\/comments?post=62"}],"version-history":[{"count":46,"href":"https:\/\/prix-rotary-de-la-citoyennete.org\/index.php\/wp-json\/wp\/v2\/pages\/62\/revisions"}],"predecessor-version":[{"id":520,"href":"https:\/\/prix-rotary-de-la-citoyennete.org\/index.php\/wp-json\/wp\/v2\/pages\/62\/revisions\/520"}],"wp:attachment":[{"href":"https:\/\/prix-rotary-de-la-citoyennete.org\/index.php\/wp-json\/wp\/v2\/media?parent=62"}],"curies":[{"name":"wp","href":"https:\/\/api.w.org\/{rel}","templated":true}]}}