{"id":58,"date":"2016-12-26T12:16:59","date_gmt":"2016-12-26T11:16:59","guid":{"rendered":"http:\/\/prix-rotary-de-la-citoyennete.org\/?page_id=58"},"modified":"2026-02-13T17:17:06","modified_gmt":"2026-02-13T16:17:06","slug":"acceuil","status":"publish","type":"page","link":"https:\/\/prix-rotary-de-la-citoyennete.org\/","title":{"rendered":"Accueil"},"content":{"rendered":"<div align=\"center\"><img loading=\"lazy\" decoding=\"async\" class=\"wp-image-9 alignleft\" src=\"http:\/\/prix-rotary-de-la-citoyennete.org\/wp-content\/uploads\/2016\/12\/cropped-Prix_Rotary_de_la_Citoyennet-1-300x115.png\" alt=\"\" width=\"206\" height=\"87\" \/><\/div>\n<div style=\"text-align: center;\" align=\"center\"><\/div>\n<p style=\"text-align: left;\" align=\"center\"><strong>LES ROTARY CLUBS de BRUXELLES, BRUXELLES ALTITUDE,\u00a0 ATOMIUM,\u00a0 BRUOCSELLA, CANTERSTEEN, ERASME,\u00a0 EST,\u00a0 EUROPE,\u00a0 FOR\u00caT DE SOIGNES, NORD,\u00a0 OUEST, RENAISSANCE,\u00a0 SUD,\u00a0 TERCOIGNE, VAL DUCHESSE,\u00a0 VESALE, RHODE St GENESE, WEZEMBEEK KRAAINEM et le PROBUS CHANT D\u2019OISEAU<\/strong><\/p>\n<div style=\"text-align: left;\" align=\"center\">\n<h1 style=\"text-align: center;\"><strong><u>17<sup>i\u00e8me<\/sup> Prix Rotary de la Citoyennet\u00e9<\/u><\/strong><\/h1>\n<p>Les candidatures 2026 pour le 17i\u00e8me Prix Rotary de la Citoyennet\u00e9 <strong>sont donc ouvertes depuis le 15 f\u00e9vrier 2026.<\/strong><\/p>\n<p>Ce Prix d\u2019une valeur de <strong><u>30.000\u20ac<\/u><\/strong>\u00a0 veut r\u00e9compenser une ou plusieurs asbl qui ont fait \u0153uvre de responsabilit\u00e9 citoyenne dans leurs actions respectives.\u00a0 Ces actions civiques s\u2019imposent au respect de tous et peuvent \u00eatre accomplies par des jeunes ou des adultes.\u00a0 Elles \u00a0t\u00e9moignent toutes \u00a0d\u2019une attitude de citoyen responsable.<\/p>\n<p>Ces valeurs sont en concordance avec celles du Rotary.\u00a0 Il faut rappeler que le Rotary est une \u00a0Organisation caritative, cr\u00e9\u00e9e en 1905 et comprenant aujourd\u2019hui plus de<\/p>\n<p>1.400.000 membres, 35.000Clubs r\u00e9partis dans plus de 200 pays.<\/p>\n<p>La Citoyennet\u00e9 reste un sujet pr\u00e9occupant au c\u0153ur de l\u2019\u00e9ducation et des d\u00e9bats actuels de soci\u00e9t\u00e9.<\/p>\n<p>Les dossiers re\u00e7us sont analys\u00e9s par un Jury compos\u00e9 des 19 Clubs Rotary participants.<\/p>\n<p>Les laur\u00e9ats ont \u00e9t\u00e9 tr\u00e8s nombreux et vari\u00e9s au fil des ann\u00e9es.\u00a0 L\u2019on peut par exemple citer ces derniers temps\u00a0 Isee,\u00a0 Duo for a Job maintenant bien connues du Public et des autorit\u00e9s.<\/p>\n<p>Les candidatures pour le 17<sup>i\u00e8me<\/sup> prix peuvent \u00eatre envoy\u00e9es jusqu\u2019au <strong><u>26 avril 2026<\/u><\/strong>,\u00a0 dernier d\u00e9lai.<\/p>\n<p>Le Prix 2026 sera remis lors d&rsquo;une manifestation officielle. Le Prix 2026 sera remis ce <strong><u>jeudi 11 juin 2026 \u00e0 19:00 hrs<\/u><\/strong>. dans la Salle du Coll\u00e8ge de l\u2019Administration Communale de Woluwe-St-Pierre\u00a0 <strong><u>Avenue Ch Tielemans\u00a0 93, 1150 Bruxelles<\/u><\/strong>. Nous serons honor\u00e9s de la \u00a0pr\u00e9sence de Beno\u00eet Cerexhe Bourgmestre et membre d\u2019honneur de notre Rotary Club For\u00eat de Soignes.<\/p>\n<p>Toutes les informations utiles pour la remise d\u2019un Dossier sont disponibles sur le site du Prix\u00a0:<\/p>\n<p><a href=\"http:\/\/www.prix-rotary-de-la-citoyennete.org\">www.prix-rotary-de-la-citoyennete.org<\/a><\/p>\n<p><img loading=\"lazy\" decoding=\"async\" class=\"size-medium wp-image-9 alignright\" src=\"http:\/\/prix-rotary-de-la-citoyennete.org\/wp-content\/uploads\/2016\/12\/cropped-Prix_Rotary_de_la_Citoyennet-1-300x115.png\" alt=\"\" width=\"300\" height=\"115\" \/><\/p>\n<\/div>\n","protected":false},"excerpt":{"rendered":"<p>LES ROTARY CLUBS de BRUXELLES, BRUXELLES ALTITUDE,\u00a0 ATOMIUM,\u00a0 BRUOCSELLA, CANTERSTEEN, ERASME,\u00a0 EST,\u00a0 EUROPE,\u00a0 FOR\u00caT DE SOIGNES, NORD,\u00a0 OUEST, RENAISSANCE,\u00a0 SUD,\u00a0 TERCOIGNE, VAL DUCHESSE,\u00a0 VESALE, RHODE St GENESE, WEZEMBEEK KRAAINEM et <a class=\"more-link\" href=\"https:\/\/prix-rotary-de-la-citoyennete.org\/\">Continue Reading \u2192<\/a><\/p>\n","protected":false},"author":1,"featured_media":0,"parent":0,"menu_order":0,"comment_status":"closed","ping_status":"closed","template":"","meta":{"footnotes":""},"class_list":["post-58","page","type-page","status-publish","hentry"],"_links":{"self":[{"href":"https:\/\/prix-rotary-de-la-citoyennete.org\/index.php\/wp-json\/wp\/v2\/pages\/58","targetHints":{"allow":["GET"]}}],"collection":[{"href":"https:\/\/prix-rotary-de-la-citoyennete.org\/index.php\/wp-json\/wp\/v2\/pages"}],"about":[{"href":"https:\/\/prix-rotary-de-la-citoyennete.org\/index.php\/wp-json\/wp\/v2\/types\/page"}],"author":[{"embeddable":true,"href":"https:\/\/prix-rotary-de-la-citoyennete.org\/index.php\/wp-json\/wp\/v2\/users\/1"}],"replies":[{"embeddable":true,"href":"https:\/\/prix-rotary-de-la-citoyennete.org\/index.php\/wp-json\/wp\/v2\/comments?post=58"}],"version-history":[{"count":62,"href":"https:\/\/prix-rotary-de-la-citoyennete.org\/index.php\/wp-json\/wp\/v2\/pages\/58\/revisions"}],"predecessor-version":[{"id":516,"href":"https:\/\/prix-rotary-de-la-citoyennete.org\/index.php\/wp-json\/wp\/v2\/pages\/58\/revisions\/516"}],"wp:attachment":[{"href":"https:\/\/prix-rotary-de-la-citoyennete.org\/index.php\/wp-json\/wp\/v2\/media?parent=58"}],"curies":[{"name":"wp","href":"https:\/\/api.w.org\/{rel}","templated":true}]}}