{"id":136,"date":"2016-12-26T16:47:18","date_gmt":"2016-12-26T15:47:18","guid":{"rendered":"http:\/\/prix-rotary-de-la-citoyennete.org\/?page_id=136"},"modified":"2026-02-13T17:25:25","modified_gmt":"2026-02-13T16:25:25","slug":"presse","status":"publish","type":"page","link":"https:\/\/prix-rotary-de-la-citoyennete.org\/index.php\/presse\/","title":{"rendered":"Communiqu\u00e9 de presse"},"content":{"rendered":"<p><strong><img loading=\"lazy\" decoding=\"async\" class=\"wp-image-9 alignleft\" src=\"http:\/\/prix-rotary-de-la-citoyennete.org\/wp-content\/uploads\/2016\/12\/cropped-Prix_Rotary_de_la_Citoyennet-1-300x115.png\" alt=\"\" width=\"204\" height=\"83\" \/><\/strong><\/p>\n<p><strong>LES ROTARY CLUBS de BRUXELLES, BRUXELLES ALTITUDE,\u00a0 ATOMIUM, BRUOCSELLA, CANTERSTEEN, ERASME,\u00a0 EST,\u00a0 EUROPE,\u00a0 FOR\u00caT DE SOIGNES, NORD,\u00a0 OUEST, RENAISSANCE,\u00a0 SUD,\u00a0 TERCOIGNE, VAL DUCHESSE,\u00a0 VESALE, RHODE St GENESE, WEZEMBEEK KRAAINEM et le PROBUS CHANT D\u2019OISEAU <\/strong><\/p>\n<h1 style=\"text-align: center;\"><strong>Prix Rotary 2024 de la Citoyennet\u00e9.<\/strong><\/h1>\n<p>Monsieur Le Bourgmestre, Cher Beno\u00eet, Monsieur le Past Gouverneur, Monsieur l\u2019Administrateur-Directeur du Rotary International, Cher Alain, Chers Amis et Amies Rotariens Rotariennes et invit\u00e9s en vos titres et qualit\u00e9s,<\/p>\n<p>Nous sommes tr\u00e8s heureux de vous accueillir nombreux dans cette belle Maison Communale de Woluwe-St-Pierre.<\/p>\n<p>Depuis 1991, c\u2019est une fabuleuse aventure qui se perp\u00e9tue.\u00a0 16 fois maintenant, 19 Clubs Rotary de la R\u00e9gion de Bruxelles-Capitale et environs ont le plaisir ensemble de remettre un Prix Rotary de la Citoyennet\u00e9.<\/p>\n<p>L\u2019histoire continue \u00e9galement avec notre cher Bourgmestre, qui avait d\u00e9j\u00e0 remis le Prix en 2011 et 2013, et qui est par ailleurs membre d\u2019honneur de notre Club For\u00eat de Soignes.<\/p>\n<p>Pour continuer \u00e0 pouvoir remettre le Prix, il faut bien entendu qu\u2019il soit toujours r\u00e9\u00e9lu\u00a0!\u00a0 Mais actuellement c\u2019est plus que bien, comment dire, engag\u00e9\u00a0!!<\/p>\n<p>Le montant du Prix soit <strong><u>28.000\u20ac<\/u><\/strong>, est attribu\u00e9 tous les 2 ans par <strong><u>19<\/u> <\/strong>Clubs Rotary de la R\u00e9gion. \u00a0Difficile de les mentionner tous, mais pr\u00e9cisons qu\u2019ils repr\u00e9sentent quasi tous les Clubs de la R\u00e9gion de Bruxelles-Capitale et de sa grande p\u00e9riph\u00e9rie.\u00a0 Les Clubs veulent ainsi d\u00e9montrer qu\u2019il faut s\u00fbrement et encore davantage se f\u00e9d\u00e9rer pour d\u00e9velopper des actions en rapport avec les enjeux capitaux de nos Soci\u00e9t\u00e9s.<\/p>\n<p>Ce Prix a \u00e9t\u00e9 cr\u00e9\u00e9 par 2 Rotariens de notre Club For\u00eat de Soignes aujourd\u2019hui disparus, Jean-Fran\u00e7ois Fontaine et Guy Demoulin.<\/p>\n<p>La Citoyennet\u00e9 au sens large, reste toujours bien ancr\u00e9e au c\u0153ur des questions d\u2019\u00e9ducation et de d\u00e9bats politiques actuels.\u00a0 Victor Hugo disait\u00a0d\u00e9j\u00e0 :\u00a0 une \u00e9cole cr\u00e9\u00e9e c\u2019est une prison en moins\u00a0!<\/p>\n<p>La guerre en Ukraine et ses millions de d\u00e9plac\u00e9s n\u2019ont fait qu\u2019aviver les craintes.\u00a0 L\u2019Europe n\u2019a jamais \u00e9t\u00e9 aussi menac\u00e9e depuis le 2de Guerre Mondiale.\u00a0 Comment int\u00e9grer au mieux des populations nouvelles, arriv\u00e9es r\u00e9cemment dans notre territoire\u00a0?\u00a0 Comment utiliser ces merveilleux outils de communication que sont les r\u00e9seaux sociaux, souvent qualifi\u00e9s d\u2019asociaux, sans v\u00e9hiculer des discours de haine ou des fake news\u00a0?<\/p>\n<p>Le Rotary c\u2019est aussi une belle histoire depuis 1905, c\u2019\u00e9tait et c\u2019est toujours \u00ab\u00a0Servir d\u2019abord\u00a0\u00bb.\u00a0 Le discours n\u2019a pas chang\u00e9 d\u2019un iota.\u00a0 Il reste plus que jamais d\u2019actualit\u00e9.\u00a0 R\u00e9unir des hommes et des femmes de bonne volont\u00e9 pour donner prioritairement du temps.\u00a0 Du temps pour les plus vuln\u00e9rables de nos Soci\u00e9t\u00e9s.\u00a0 Ce Prix Rotary de la Citoyennet\u00e9 en est une belle illustration.<\/p>\n<p>Fort de plus de 115 ans d\u2019existence, le Rotary avec 1 400 000 membres b\u00e9n\u00e9voles dans le monde, n\u2019a pas attendu l\u2019intrusion des \u00ab\u00a0Gilets jaunes\u00a0\u00bb pour marquer sa solidarit\u00e9 envers les plus faibles de nos Soci\u00e9t\u00e9s, surtout les jeunes, handicap\u00e9s ou non, et les jeunes familles principalement monoparentales.\u00a0 Tant au niveau local qu\u2019International, le Rotary est aussi capable de r\u00e9aliser des Projets d\u2019aide de grande ampleur.\u00a0 Via la Fondation Rotary, le projet d\u2019\u00e9radication de la polio au niveau mondial en est encore aujourd\u2019hui le parfait exemple.<\/p>\n<p>Nous avons re\u00e7u cette ann\u00e9e 29 candidatures.\u00a0 Toutes aussi respectables les unes que les autres.\u00a0 Nous avons \u00e9t\u00e9 particuli\u00e8rement sensibles au fait que toutes ces asbl sont en phase avec les enjeux majeurs de nos Soci\u00e9t\u00e9s.\u00a0 Notamment des Services Publics financi\u00e8rement \u00e0 la peine pour l\u2019Aide \u00e0 la Jeunesse et aux familles, un Syst\u00e8me \u00e9ducatif tr\u00e8s in\u00e9galitaire, une population qui vieillit et dont les besoins ne font que cro\u00eetre, des quartiers de ville qui se paup\u00e9risent et o\u00f9 l\u2019on ne parvient plus \u00a0\u00e0 garantir la s\u00e9curit\u00e9.\u00a0 Souvent ces asbl sont \u00e0 l\u2019initiative d\u2019une ou de quelques personnes.\u00a0 Cela fait chaud au c\u0153ur de constater que la solidarit\u00e9, la citoyennet\u00e9 et le b\u00e9n\u00e9volat n\u2019ont pas disparu des radars.<\/p>\n<p>Le Jury du Prix 2024 a d\u00e9cid\u00e9 d\u2019attribuer \u00e0 l\u2019unanimit\u00e9 le Prix \u00e0 <strong><u>2<\/u><\/strong> asbl, actives aupr\u00e8s de familles pr\u00e9caris\u00e9es.\u00a0 Les discussions du Jury ont \u00e9t\u00e9 anim\u00e9es, mais toujours empreintes de respect et de transparence.<\/p>\n<p>Un 1<sup>er<\/sup> Prix de <strong><u>18 000\u20ac<\/u><\/strong>\u00a0\u00a0 est attribu\u00e9 au \u00ab\u00a0Petit V\u00e9lo Jaune\u00a0\u00bb, une \u0152uvre d\u2019accompagnement solidaire de familles, avec enfants en bas \u00e2ge.\u00a0 L\u2019Asbl install\u00e9e \u00e0 St Gilles souhaite avec ce Prix d\u00e9velopper une antenne similaire \u00e0 Schaerbeek.<\/p>\n<p>Un 2<sup>i\u00e8me<\/sup> Prix de <strong><u>10<\/u><\/strong><strong><u> 000\u20ac<\/u><\/strong> au Pivot, qui depuis 1971 aide des familles ancr\u00e9es dans la pr\u00e9carit\u00e9.\u00a0 \u00ab\u00a0De la honte \u00e0 la dignit\u00e9\u00a0\u00bb est leur slogan.\u00a0 Le Prix servira \u00e0 am\u00e9liorer la mobilit\u00e9 au sein du \u00ab\u00a0Pivot\u00a0\u00bb<\/p>\n<p>Nous exprimons tous nos remerciements \u00e0 toutes les \u0152uvres participantes, certaines pr\u00e9sentes ici ce soir et qui confirment cette volont\u00e9 appr\u00e9ciable de ne laisser personne sur le c\u00f4t\u00e9.<\/p>\n<p>Merci \u00e9galement aux rotariens membres tr\u00e8s professionnels du Jury, d\u2019une fid\u00e9lit\u00e9 exemplaire au Prix.\u00a0 Merci aussi au soutien ind\u00e9fectible de mon Club For\u00eat de Soignes, \u00e0 son Pr\u00e9sident Rudi et \u00e0 mes 2 secr\u00e9taires Andr\u00e9 Simon et Michel Levy-Morelle.\u00a0 Une mention aussi \u00e0 notre CICO du Prix, Michel Fouarge qui est aussi parvenu \u00e0 retrouver le Site web du Prix qui par un tour de passe-passe avait disparu\u00a0!\u00a0 Une mention enfin \u00e0 notre futur Pr\u00e9sident Ga\u00ebtan qui a fourni au pied lev\u00e9 une touche Excel bienvenue pour le Jury.<\/p>\n<p>Et Merci \u00e0 la Commune de Woluwe-St-Pierre et \u00e0 son Bourgmestre de nous accueillir dans cette belle Salle du Coll\u00e8ge.<\/p>\n<p>Nous appelons maintenant Isabelle Henrion et ses associ\u00e9es de l\u2019asbl \u00ab\u00a0Le Petit v\u00e9lo jaune\u00a0\u00bb \u00e0 recevoir le ch\u00e8que de <strong><u>18 000\u20ac<\/u><\/strong>\u00a0 \u00a0des mains du Bourgmestre Beno\u00eet Cerexhe.<\/p>\n<p>Ensuite, Madame De Bruyn et ses associ\u00e9es de l\u2019asbl \u00ab\u00a0Le Pivot\u00a0\u00bb pour le ch\u00e8que de <strong><u>10 000\u20ac<\/u><\/strong> remis par Kseniya Yasinska de l\u2019asbl Schola-Ulb second laur\u00e9at du Prix 2022.<\/p>\n<p>Bravo encore aux laur\u00e9ats.<\/p>\n<p>J\u2019invite maintenant Alain Van de Poel, notre repr\u00e9sentant belge au niveau du Rotary International, \u00e0 prendre la parole.<\/p>\n<p>Nous vous remercions toutes et tous pour votre pr\u00e9sence ce soir, esp\u00e9rons vous revoir en 2026 et vous invitons au verre de l\u2019amiti\u00e9 rotarienne.<\/p>\n<p>Bonne soir\u00e9e \u00e0 tous.<\/p>\n<p>= == = = = = = =<\/p>\n<p>Toute info utile peut \u00eatre obtenue sur le site du Prix <a href=\"https:\/\/www.prix-rotary-de-la-citoyennete.org\" target=\"_blank\" rel=\"noopener\">https:\/\/www.prix-rotary-de-la-citoyennete.org <\/a>ou via le secr\u00e9tariat du Prix \u00e0 l&rsquo;adresse e-mail suivante :<\/p>\n<p><a href=\"secretariat@prix-rotary-de-la-citoyennete.org\" target=\"_blank\" rel=\"noopener\">secretariat@prix-rotary-de-la-citoyennete.org<\/a><\/p>\n<h1 style=\"text-align: center;\"><img loading=\"lazy\" decoding=\"async\" class=\"size-medium wp-image-9 alignright\" src=\"http:\/\/prix-rotary-de-la-citoyennete.org\/wp-content\/uploads\/2016\/12\/cropped-Prix_Rotary_de_la_Citoyennet-1-300x115.png\" alt=\"\" width=\"300\" height=\"115\" \/><\/h1>\n","protected":false},"excerpt":{"rendered":"<p>LES ROTARY CLUBS de BRUXELLES, BRUXELLES ALTITUDE,\u00a0 ATOMIUM, BRUOCSELLA, CANTERSTEEN, ERASME,\u00a0 EST,\u00a0 EUROPE,\u00a0 FOR\u00caT DE SOIGNES, NORD,\u00a0 OUEST, RENAISSANCE,\u00a0 SUD,\u00a0 TERCOIGNE, VAL DUCHESSE,\u00a0 VESALE, RHODE St GENESE, WEZEMBEEK KRAAINEM et <a class=\"more-link\" href=\"https:\/\/prix-rotary-de-la-citoyennete.org\/index.php\/presse\/\">Continue Reading \u2192<\/a><\/p>\n","protected":false},"author":1,"featured_media":0,"parent":0,"menu_order":0,"comment_status":"closed","ping_status":"closed","template":"","meta":{"footnotes":""},"class_list":["post-136","page","type-page","status-publish","hentry"],"_links":{"self":[{"href":"https:\/\/prix-rotary-de-la-citoyennete.org\/index.php\/wp-json\/wp\/v2\/pages\/136","targetHints":{"allow":["GET"]}}],"collection":[{"href":"https:\/\/prix-rotary-de-la-citoyennete.org\/index.php\/wp-json\/wp\/v2\/pages"}],"about":[{"href":"https:\/\/prix-rotary-de-la-citoyennete.org\/index.php\/wp-json\/wp\/v2\/types\/page"}],"author":[{"embeddable":true,"href":"https:\/\/prix-rotary-de-la-citoyennete.org\/index.php\/wp-json\/wp\/v2\/users\/1"}],"replies":[{"embeddable":true,"href":"https:\/\/prix-rotary-de-la-citoyennete.org\/index.php\/wp-json\/wp\/v2\/comments?post=136"}],"version-history":[{"count":27,"href":"https:\/\/prix-rotary-de-la-citoyennete.org\/index.php\/wp-json\/wp\/v2\/pages\/136\/revisions"}],"predecessor-version":[{"id":518,"href":"https:\/\/prix-rotary-de-la-citoyennete.org\/index.php\/wp-json\/wp\/v2\/pages\/136\/revisions\/518"}],"wp:attachment":[{"href":"https:\/\/prix-rotary-de-la-citoyennete.org\/index.php\/wp-json\/wp\/v2\/media?parent=136"}],"curies":[{"name":"wp","href":"https:\/\/api.w.org\/{rel}","templated":true}]}}